alculate the remainder when 1299954 is divided by 216520.
834
Calculate the remainder when 3516276 is divided by 531.
525
What is the remainder when 63360477 is divided by 63360429?
48
Calculate the remainder when 731799 is divided by 56275.
224
What is the remainder when 139735 is divided by 15332?
1747
What is the remainder when 3200 is divided by 364?
288
What is the remainder when 78714183 is divided by 283?
280
Calculate the remainder when 270071 is divided by 840.
431
Calculate the remainder when 389570 is divided by 849.
728
Calculate the remainder when 76926640 is divided by 570.
10
What is the remainder when 127198 is divided by 1515?
1453
Calculate the remainder when 3342464 is divided by 334245.
14
What is the remainder when 205203280 is divided by 58747?
9
Calculate the remainder when 738987 is divided by 1310.
147
Calculate the remainder when 212460 is divided by 3923.
618
What is the remainder when 210152 is divided by 5101?
1011
What is the remainder when 2157718 is divided by 211?
32
Calculate the remainder when 3274254 is divided by 16965.
9
What is the remainder when 106288 is divided by 3041?
2894
What is the remainder when 1844684 is divided by 737?
710
Calculate the remainder when 929465 is divided by 765.
755
Calculate the remainder when 14759674 is divided by 19.
18
What is the remainder when 4550882 is divided by 72?
50
Calculate the remainder when 214642 is divided by 1717.
17
What is the remainder when 5063149 is divided by 208?
13
What is the remainder when 6533 is divided by 5659?
874
Calculate the remainder when 3175998 is divided by 87.
63
What is the remainder when 11806202 is divided by 3935399?
5
Calculate the remainder when 1833217 is divided by 35942.
175
Calculate the remainder when 3735646 is divided by 218.
216
What is the remainder when 2486762 is divided by 412?
342
What is the remainder when 97902 is divided by 28?
14
What is the remainder when 2573015 is divided by 1139?
14
What is the remainder when 20805895 is divided by 20805886?
9
What is the remainder when 22455788 is divided by 5557?
5508
What is the remainder when 8178742 is divided by 42?
40
What is the remainder when 97979083 is divided by 11110?
11103
What is the remainder when 20563109 is divided by 203595?
14
Calculate the remainder when 8195747 is divided by 4097857.
33
Calculate the remainder when 998843814 is divided by 8941.
8940
Calculate the remainder when 19919353 is divided by 6.
1
What is the remainder when 137404868 is divided by 299357?
5
Calculate the remainder when 1387601 is divided by 462445.
266
What is the remainder when 11709491 is divided by 5854742?
7
What is the remainder when 2397 is divided by 102?
51
What is the remainder when 95839 is divided by 15841?
793
What is the remainder when 1749868 is divided by 6860?
568
Calculate the remainder when 8487 is divided by 1660.
187
Calculate the remainder when 65441 is divided by 1817.
29
Calculate the remainder when 23741 is divided by 1729.
1264
What is the remainder when 126282080 is divided by 115011?
2
Calculate the remainder when 13503337 is divided by 103.
37
Calculate the remainder when 182328 is divided by 11394.
24
What is the remainder when 33454 is divided by 7686?
2710
Calculate the remainder when 302150 is divided by 6043.
0
Calculate the remainder when 619481 is divided by 619375.
106
Calculate the remainder when 132673749 is divided by 2127.
2124
What is the remainder when 2121311 is divided by 114?
113
Calculate the remainder when 712531 is divided by 101774.
113
Calculate the remainder when 11120177 is divided by 3586.
3577
What is the remainder when 439504 is divided by 311?
61
Calculate the remainder when 229623245 is divided by 420.
5
What is the remainder when 535430 is divided by 53454?
890
Calculate the remainder when 669974 is divided by 334970.
34
Calculate the remainder when 1511961 is divided by 2475.
2211
Calculate the remainder when 791979 is divided by 262463.
4590
Calculate the remainder when 763079 is divided by 834.
803
Calculate the remainder when 3630358 is divided by 5216.
22
Calculate the remainder when 410351 is divided by 65.
6
Calculate the remainder when 1645331 is divided by 6850.
1331
Calculate the remainder when 2733106 is divided by 365.
351
What is the remainder when 58566 is divided by 56708?
1858
Calculate the remainder when 714105 is divided by 918.
819
Calculate the remainder when 321855432 is divided by 11.
8
Calculate the remainder when 235561 is divided by 3403.
754
What is the remainder when 767045 is divided by 77?
48
Calculate the remainder when 53777 is divided by 640.
17
What is the remainder when 35696484 is divided by 42?
12
What is the remainder when 94138 is divided by 10168?
2626
What is the remainder when 527257 is divided by 11?
5
Calculate the remainder when 948259 is divided by 18600.
18259
What is the remainder when 105272 is divided by 3809?
2429
What is the remainder when 195450 is divided by 437?
111
What is the remainder when 9887407 is divided by 38622?
175
What is the remainder when 146809 is divided by 5105?
3869
Calculate the remainder when 1608542 is divided by 602.
600
Calculate the remainder when 7232353 is divided by 3161.
3146
Calculate the remainder when 11490987 is divided by 249804.
3
What is the remainder when 24084190 is divided by 351?
325
Calculate the remainder when 13778707 is divided by 163.
154
Calculate the remainder when 1404594 is divided by 1713.
1647
What is the remainder when 9520482 is divided by 1404?
1362
What is the remainder when 25181831 is divided by 249325?
6
What is the remainder when 10404947 is divided by 6598?
6499
Calculate the remainder when 21007987 is divided by 21007930.
57
What is the remainder when 3711739 is divided by 44?
31
What is the remainder when 524579 is divided by 8069?
94
What is the remainder when 1114149 is divided by 65509?
496
What is the remainder when 2309642 is divided by 2309611?
31
What is the remainder when 3606799 is divided by 93?
73
Calculate the remainder when 230141235 is divided by 70.
65
Calculate the remainder when 262909 is divided by 4326.
3349
What is the remainder when 5954147 is divided by 1488531?
23
Calculate the remainder when 2692874 is divided by 7967.
28
What is the remainder when 2333785 is divided by 2058?
13
Calculate the remainder when 33858 is divided by 3531.
2079
Calculate the remainder when 4009495 is divided by 2004708.
79
Calculate the remainder when 2395968 is divided by 153.
141
Calculate the remainder when 275723 is divided by 851.
850
Calculate the remainder when 14468364 is divided by 2869.
2866
What is the remainder when 2512285 is divided by 62807?
5
Calculate the remainder when 71364 is divided by 7971.
7596
Calculate the remainder when 4736751 is divided by 952.
551
Calculate the remainder when 10766250 is divided by 1492.
1470
What is the remainder when 12032733 is divided by 707802?
99
Calculate the remainder when 33646 is divided by 3750.
3646
What is the remainder when 861157 is divided by 1133?
77
Calculate the remainder when 8943 is divided by 2386.
1785
Calculate the remainder when 6737473 is divided by 192497.
78
Calculate the remainder when 229762 is divided by 547.
22
Calculate the remainder when 17192095 is divided by 29.
25
What is the remainder when 4026316 is divided by 43764?
28
Calculate the remainder when 9301649 is divided by 15075.
374
Calculate the remainder when 1479185 is divided by 11030.
1165
What is the remainder when 9784 is divided by 1166?
456
Calculate the remainder when 169588 is divided by 3451.
489
What is the remainder when 102417 is divided by 198?
51
Calculate the remainder when 703936 is divided by 46.
44
Calculate the remainder when 3624138 is divided by 30.
18
Calculate the remainder when 15176 is divided by 14569.
607
Calculate the remainder when 978766 is divided by 1061.
524
What is the remainder when 2507387 is divided by 1415?
7
What is the remainder when 248953 is divided by 82637?
1042
What is the remainder when 2236877 is divided by 559132?
349
Calculate the remainder when 1016226 is divided by 1391.
796
What is the remainder when 15801916 is divided by 1851?
1780
What is the remainder when 38751 is divided by 1267?
741
Calculate the remainder when 1309